285). Calculate the highest common divisor of c and 55.
5
Let j(w) = 3*w - 3. Let o(f) = f**2 + 2*f - 2. Let i be o(2). Let l be j(i). What is the highest common divisor of l and 30?
15
Suppose 4*u - 24 = -4*p, p - 3*p + 8 = 0. What is the highest common divisor of 22 and u?
2
Let l(d) = -d - 13. Let y be l(-4). Let k(u) = u**2 + 6*u - 3. Let m be k(y). What is the highest common divisor of 72 and m?
24
Let b = 24 - -56. Suppose -a + s - 4*s = -8, 5*s = a - 8. What is the greatest common divisor of a and b?
8
Suppose 228 = 4*r + 2*l, l + 0*l + 271 = 5*r. Suppose -2*t = -21 - 163. Suppose -4*i + t = 4. Calculate the highest common factor of i and r.
11
Suppose 3*z - 124 = -5*q, -138 = -3*q - 2*q + 4*z. What is the highest common factor of q and 78?
26
Let u = -24 - -44. What is the greatest common divisor of 80 and u?
20
Let m be 5 - (3 - -1) - -3. Calculate the highest common factor of m and 32.
4
Let y(d) = -d**3 - 7*d**2 - 5*d - 6. Let n be y(-7). Suppose 0 = h + s - 5*s - 1, -3*h + n = s. Calculate the highest common factor of 27 and h.
9
Suppose z - 11 = -36. Let c = z - -67. Calculate the greatest common factor of c and 6.
6
Suppose -5*c - 28 = 3*g, -4 = 2*c - 0. Let t = 11 + g. Suppose 5*l + t = -3*u, 0 = 5*l - 2*u + 9 - 29. Calculate the highest common divisor of l and 5.
1
Let p(d) = -d**3 - 8*d**2 + d + 10. Let g be p(-8). Calculate the highest common factor of g and 6.
2
Let s = 1 + 29. What is the highest common divisor of 210 and s?
30
Let q(y) = y - 5. Let o(h) = 3*h - 11. Let p(l) = 2*o(l) - 5*q(l). Let b be p(7). Let u = 7 + -2. Calculate the highest common divisor of u and b.
5
Let t be (19 - 0)/((-3)/(-3)). Let o(y) = 19 - t - 4*y. Let z be o(-9). Calculate the greatest common divisor of 12 and z.
12
Let w = -4 + 7. Let k(y) = 2*y**2 - 4*y + 3. Let s be k(w). Suppose 5*v = 20, v + 316 + 85 = 5*z. Calculate the greatest common factor of z and s.
9
Let g(o) = 3*o**2 - o**3 - 4 + 3*o + 2*o - 3*o + o**2. Let y be g(3). Suppose -3*z = -4*z + 22. What is the greatest common divisor of y and z?
11
Suppose -2*z - 12 = -w + 17, -5*w = z - 167. Suppose -2*b + 112 = -4*d, 5*d + w + 81 = 2*b. Calculate the highest common factor of b and 78.
26
Suppose 3*h - 62 - 130 = 0. Let x = h - -9. Let r = 163 - x. What is the greatest common factor of 10 and r?
10
Let q = 35 + -20. Calculate the greatest common factor of q and 10.
5
Suppose k + 3*k = -3*i + 7, 0 = i - 3*k - 11. What is the greatest common divisor of 25 and i?
5
Suppose -5*x = -40 - 20. Let d be ((-2784)/8)/(-4) + -1 + -2. What is the greatest common divisor of d and x?
12
Suppose 0*s - 4*s = -4*o - 116, -2*s - 4*o + 64 = 0. Calculate the highest common factor of 6 and s.
6
Suppose -4*z - 736 = -5*i, 0 = i + 3*i + 5*z - 556. Calculate the greatest common factor of 36 and i.
36
Suppose -4*v + 5*v - 4 = 0. Suppose 0 = 7*z - v*z - 90. What is the highest common factor of z and 6?
6
Suppose -2*q = 4*f - 36, q - 57 = -5*f - 9. What is the highest common divisor of f and 80?
10
Suppose 142 - 42 = 5*m. Suppose -4*i + 200 = i. What is the highest common factor of m and i?
20
Let t = 123 - 117. Let c(b) be the third derivative of b**4/24 + b**3/3 - b**2. Let r be c(t). What is the highest common factor of 72 and r?
8
Let u(g) = g + 15. Let n be u(-8). Let o be (5 - n)/((-4)/26). Let f be 4/6 + 776/6. Calculate the highest common divisor of f and o.
13
Suppose -4*q - q = -20. Let k = 59 - q. Suppose a - 6*r = -2*r + 1, 4*r = 4*a - 16. Calculate the greatest common divisor of k and a.
5
Let k = 58 + -42. What is the highest common divisor of k and 80?
16
Let s = -189 + 414. Suppose -3*a + 58 = -a + 2*r, 3*a + 2*r - 83 = 0. Calculate the greatest common divisor of s and a.
25
Suppose 0 = 7*p - 2*p - 20. Suppose -240 = -0*g - p*g. Calculate the greatest common factor of g and 40.
20
Suppose 2*m = -2*m + 96. Suppose -2*g + 8 = 50. Let v = g + 37. Calculate the greatest common factor of v and m.
8
Let o be -2*(-1)/(4 - 3). Suppose -n = -o*w - 29 + 10, 0 = n - 5*w - 25. What is the highest common divisor of 165 and n?
15
Suppose 0 = 5*k + 5*a + 335, 2*k + 2*a = -3*a - 137. Let y = k + 96. What is the greatest common divisor of y and 75?
15
Let l be (-408)/(-16) + (-1)/(-2). Calculate the highest common divisor of l and 39.
13
Suppose -g = -3*z + 24, -4*z + 15 = -g - 16. Calculate the greatest common divisor of 35 and z.
7
Suppose -2*x = -4*x + 16. Let q(a) = -4*a - 2. Let n be q(-3). Suppose y - 2*l - n = 0, 0 + 1 = -l. What is the highest common divisor of x and y?
8
Let p be 2/7 + (-23)/7. Let i = -2 - -4. Let a be 17 - i/(-3)*p. What is the highest common divisor of a and 5?
5
Let x = 15 + -4. What is the highest common factor of 77 and x?
11
Let x = -10 - 6. Suppose -2*l - 2*l = 16. Let r be x/12*78/l. What is the highest common factor of r and 13?
13
Suppose -5*r + 2*r = 0. Suppose 0 = -k + 2 - r. Suppose 0*h - k*h + 2 = 0. Calculate the highest common factor of 7 and h.
1
Let z = 7 - 9. Let j = z - -4. Let d(t) = t**3 + 4*t**2 - 4*t + 7. Let u be d(-5). Calculate the highest common divisor of u and j.
2
Let k = 170 + -95. Calculate the greatest common divisor of 30 and k.
15
Let b be 63/(-3) + 0 + -3. Let f = 68 + b. What is the greatest common divisor of f and 110?
22
Suppose 5*v - 5*s - 10 = 0, -5*s + 6 = 2*v - 26. Calculate the highest common divisor of v and 42.
6
Let o = 107 - 63. Suppose 11 - o = -3*j. Suppose j = 3*m - 4. Calculate the greatest common divisor of 55 and m.
5
Let j be (14/4)/((-16)/(-32)). Suppose 4*v - 2*y - 27 = -j*y, 0 = 3*v + 2*y - 29. Calculate the highest common divisor of v and 65.
13
Let g(v) = -v**2 + 7*v - 2. Let l be g(6). Suppose -l*q + 0*q = -40. Calculate the highest common divisor of 30 and q.
10
Let x = 4 - 2. Suppose -28 = -x*f + 162. Suppose 0 = 4*y - f + 39. Calculate the greatest common factor of y and 112.
14
Suppose -2*c + 115 + 93 = 0. Suppose -s - 4*t = -67, -2*t + c = 2*s - 0*t. Let b = 67 - s. Calculate the highest common factor of b and 220.
20
Suppose -2*x + 3*x - 16 = 0. Let k be 1 + -2 + -7 + 12. Calculate the greatest common factor of k and x.
4
Let t(n) = -n**3 + 3*n**2 - 2*n + 3. Let d be t(2). Let a be (-132)/(-24)*(-1 - -3). Suppose -a + d = -b. What is the greatest common factor of 8 and b?
8
Let d be (-2 - (-2 + 1)) + 37. Suppose 5*f - 2*f + 111 = 5*y, -y + 36 = 4*f. Calculate the highest common divisor of d and y.
12
Let v(c) = c**2 - 2*c + 2. Let g be v(-4). Let d be -2 + 3/6*(130 + 4). What is the highest common divisor of d and g?
13
Suppose 0 = f - 25 - 25. Calculate the highest common divisor of f and 125.
25
Let m = 30 + -22. What is the highest common factor of 64 and m?
8
Let x be 4 - (3 - 2) - -15. Calculate the greatest common factor of x and 2.
2
Suppose -4*d + 42 = -5*r, 2*d + 3*d = -5*r + 30. Let y = d + -50. Let l = y - -59. What is the greatest common factor of l and 34?
17
Let r = 130 + -124. Calculate the greatest common factor of 24 and r.
6
Let a(k) = -k - 3. Let i be a(-5). Suppose i = x - 1. Suppose 8*v = x*v + 165. Calculate the highest common divisor of 11 and v.
11
Suppose m - 8 - 22 = 0. What is the greatest common divisor of 5 and m?
5
Suppose -3*p + 1 = 2*z - 1, 5*p + 4*z = 0. What is the greatest common divisor of p and 16?
4
Let f be 5*(0 + (0 - -1)). Let w = -190 + 494. Suppose -w + 29 = -f*d. What is the greatest common divisor of 11 and d?
11
Suppose 36 = 2*o - 4*n, 27 = 2*o - 2*n - 1. Calculate the highest common divisor of o and 25.
5
Suppose -33 = -4*d + 287. Suppose -f + 17 + 18 = 5*l, 5*f + 2*l - 60 = 0. Calculate the greatest common factor of f and d.
10
Suppose -157 = 3*k - 493. Calculate the highest common divisor of k and 16.
16
Let y be (-18)/(-117) + 154/13. Let l = -13 + 25. What is the highest common factor of y and l?
12
Suppose -4*a + 9*a = -10, -4*a = v - 487. Suppose 2*j = -3*j + v. Let b = 5 + 6. What is the greatest common factor of j and b?
11
Let n be (-3 - -15)/((-6)/(-4)). Suppose -3*v = -32 + n. Let w = 12 + v. Calculate the highest common factor of w and 50.
10
Let d be 335 + -3 - ((-48)/(-4))/(-3). What is the greatest common factor of d and 42?
42
Let h(s) be the first derivative of -2*s**2 - s - 8. Let m be h(-6). What is the highest common factor of m and 69?
23
Suppose